t(-2).
7
Let n(r) be the first derivative of -3*r**4 + r**3/3 - r**2/2 - r - 52. Determine n(-1).
13
Let b(j) be the second derivative of j**3/6 + j**2/2 + 14*j. Determine b(7).
8
Let l(c) = -3*c - 3*c**3 + 5*c**3 + 2*c**2 - c**3 - 2. Calculate l(-3).
-2
Let i(g) be the second derivative of 0 + 3*g - 1/2*g**2 + 2/3*g**3 - 1/12*g**4. Give i(3).
2
Let t(a) = 3*a**2 + 9*a - 8. Let x(i) = -i**2. Let c(v) = -t(v) - 4*x(v). Let h = 8 + -4. Let y = 10 - h. Calculate c(y).
-10
Suppose -5*w = -4*w. Let m(v) = -v + w - 1 + 2 + 2*v. Calculate m(6).
7
Let a = -8 + 13. Suppose 4*x = -5*j + 35, -a*x + 22 + 0 = -j. Let f(s) = s**3 - 1 + 0 + 5*s**2 + j*s + 0. Give f(-4).
3
Suppose 0 = -6*p + 2 + 16. Let l(f) be the third derivative of -1/8*f**4 + 0 + 0*f + 0*f**p - f**2. Give l(-3).
9
Let z(y) = 6*y**3 + 5*y**2 - 5*y + 5. Let g(s) = -5*s**3 - 4*s**2 + 4*s - 4. Let w(o) = -5*g(o) - 4*z(o). Let n = -3 - -2. Give w(n).
-1
Suppose 0 = 2*c - 2, -3*c = -3*m - c - 5. Let y = -3 - m. Let f(u) = -2*u**2 - 8*u + 3. Let v(l) = 2*l**2 + 7*l - 2. Let q(k) = -5*f(k) - 6*v(k). What is q(y)?
-7
Let s(m) = -m**3 - 6*m**2 - 5*m - 5. Let b(x) = x**2 + 5*x + 1. Let o be b(-2). Determine s(o).
-5
Let f(q) = 5 - 8*q**2 + q**3 - 4*q**2 + 18*q**2 - 7*q**2. Give f(0).
5
Let b(v) = 2*v**2 - 2*v**2 + 13*v + v**2 + 15. Let y be b(-12). Suppose -7*c = -y*c - 4. Let o(t) = 2*t. What is o(c)?
2
Let i = 5 + -9. Let g(f) = f**2 - 1. Let n be g(-2). Let h(y) = 1 + 0 + 4*y**2 + y - n*y + y**3. Determine h(i).
9
Let p(s) be the second derivative of s**5/20 + s**4/3 - s**3/3 - 3*s**2 + 5*s. Determine p(-4).
2
Let t = 82 + -73. Let y(w) = w - 3. What is y(t)?
6
Let f(l) = l**2 + 9*l + 6. Let z = 4 - 11. What is f(z)?
-8
Let m(j) be the first derivative of -j**2/2 - 9*j + 9. Give m(-7).
-2
Let d(s) be the first derivative of 3*s**2 + 8. Suppose -q + 14 = -2*q - 5*v, 3*q + 2*v + 3 = 0. Determine d(q).
6
Let n(c) be the third derivative of -c**6/120 + 7*c**5/60 + c**4/24 - c**3/6 - 5*c**2. Give n(7).
6
Let v(t) = -2*t + 1. Suppose -21*h = -19*h + 2. What is v(h)?
3
Let g be -7 - 3/(-9)*3. Let p(z) = -z - 4. What is p(g)?
2
Suppose -3*v = -6*v. Let o(r) = -r**2 + 8*r - 9. Let x be o(6). Let h(z) = -x + z**2 - 2 + 0*z**2 - z. Determine h(v).
-5
Let z(f) = -f - 4*f + f**2 - f - 2. What is z(7)?
5
Suppose x - 5*x = 12. Let s(a) = -a**3 - 3*a**2 + a + 4. Give s(x).
1
Let w(t) = t**2 - 6*t - 6. Let x be w(6). Let q(l) = -l**2 - 5*l - 7. Determine q(x).
-13
Let b(v) = 2*v**3 - 2*v**2 + v. Suppose 3*y = -3*c - 9, -8*c + 3*c = -3*y + 15. Let n be (-1 - 0 - y)*-1. What is b(n)?
1
Suppose 4*g = -p - 27, 7*p - 5*p + 6 = -2*g. Let j(x) = x**3 + 8*x**2 + x + 5. What is j(g)?
-3
Let c = 3 - -1. Suppose -c*z - 4*x + 3 = -1, -2*z - x + 5 = 0. Suppose a + 24 = 5*a - z*m, 2*a - m - 8 = 0. Let f(r) = -2*r + 3. Determine f(a).
-1
Let u(p) = -p**2 + p + 4. Let w = -46 - -46. Determine u(w).
4
Let z(x) be the first derivative of -1/12*x**4 - 1/20*x**6 + x**2 - 1/6*x**3 + 0*x - 1 + 0*x**5. Let m(l) be the second derivative of z(l). Give m(-1).
7
Let a(i) = i**3 - 5*i**2 + 8*i - 2. Let h(x) = -x**3 + 5*x**2 - 7*x + 1. Let k(s) = -5*a(s) - 6*h(s). Let f be k(4). Let j(o) = o + 1. Calculate j(f).
-3
Let b = 102 + -103. Let i(r) = -13*r**2 + 2*r + 1. Give i(b).
-14
Let d(w) = 5*w**2 - 5*w - 4. Let j(a) = 9*a**2 - 10*a - 7. Let m(v) = 11*d(v) - 6*j(v). Calculate m(-6).
4
Suppose -5*m = -m - 8. Suppose j - 4 = 2*x - 0, -m*x - 5*j = -8. Let p(t) = -t + 1. Let u(z) = 3*z - 3. Let n(i) = x*u(i) - 4*p(i). Give n(-2).
-3
Let t be 3 + 4*1/1. Suppose -4*v = -2*f + v + 23, t = -2*f - v. Let h(c) = 5*c**2. Give h(f).
5
Suppose -h + 3 = -1. Let t(o) = 2*o**3 + o**2 - o. Let m(x) = 11*x**3 + 11*x**2 - 10*x + 4. Let q(l) = -m(l) + 6*t(l). Calculate q(h).
-4
Let z(a) be the second derivative of -a**3/6 - 2*a**2 - a. Let d = -46 - -32. Let x = d - -8. Calculate z(x).
2
Let f be 2/(-7) + 432/42. Suppose 5 + f = g + 5*u, -g = -u + 3. Let c(l) = l - 6. Let x(k) = -k + 5. Let o(n) = -6*c(n) - 7*x(n). Determine o(g).
1
Let q(m) = m - 1. Let r(o) = 4*o - 8. Let k(u) = -5*q(u) + r(u). Calculate k(-5).
2
Let o(x) = -x**3 + 4*x**2 - x + 3. Let p(q) = 1 + q**3 + 3 - 9*q**2 + 0. Let r be p(9). Calculate o(r).
-1
Let i(a) = 1 - 3*a + 14 + a - 5. What is i(7)?
-4
Let l = -10 - -14. Let s(q) = 4 + 2*q - l + 0 + 4. Give s(5).
14
Let u(d) = d + 3. Let q be u(0). Let a(g) = g**2 - 3*g + 3*g - 7*g**q + 14*g**3. Give a(1).
8
Let d(m) = m**2 + 6*m + 7. Suppose 5*f - 38 = 3*f. Let l = f - 9. Let a = -16 + l. Give d(a).
7
Let j(l) = 3*l + 1. Let s(y) = -7*y**3 - 15*y**2 - y. Let c(f) = -3*f**3 - 7*f**2 - f. Let t(b) = 5*c(b) - 2*s(b). Let k be t(-4). Calculate j(k).
-11
Let l(n) = -n**3 + 3*n**2 + n. Let t(d) = -2*d**3 + 7*d**2 + 2*d. Let q(a) = 7*l(a) - 3*t(a). Let k be -9*5/(-20) + (-2)/8. Give q(k).
-6
Let h(x) = x**3 + 2*x**2 - 4*x + 2. Suppose 0 = 2*t - 3 - 5. Suppose 4*g = 6*g - t. What is h(g)?
10
Let p(w) = -w**3 + 3*w**2 + w. Let c be p(3). Let i(s) be the third derivative of 1/2*s**3 - 2*s**2 + 0*s + 0 - 1/8*s**4. What is i(c)?
-6
Let p = -3 - -4. Let i be (-4 + 3)*(p - -1). Let a(k) = 5*k**2 + 4*k + 4. Let v(c) = 6*c**2 + 5*c + 5. Let o(g) = -4*a(g) + 3*v(g). Calculate o(i).
-7
Let o(x) = x**2 - 5*x + 3. Let i be (11 - 14)*8/(-6). Determine o(i).
-1
Suppose 5*i - 62 = -4*r, -3*r = -3*i - 0*r + 21. Let y be (-4 - -5)/(2/i). Let k(n) = n**2 - 2*n - 5. Calculate k(y).
10
Let s(p) = p**3 + 5*p**2 + 5*p - 2. Let j(m) = -m**2 - 10*m. Let g be j(-9). Let q be 12/g + (-1)/3. Let x be (-1 - (2 + 1))/q. Calculate s(x).
-6
Let q = 63 - 66. Let c(h) = h**2 + 7*h + 2. Give c(q).
-10
Let x(k) = -2*k**3 + 15*k**2 - 3*k + 10. Let a(f) = -f**3 + 7*f**2 - f + 5. Let r(z) = -9*a(z) + 4*x(z). Determine r(4).
-1
Suppose -2*t + 5*t - 4*x - 9 = 0, 0 = 3*t + 3*x - 9. Let l(h) be the first derivative of -1/4*h**4 - 2 - 6*h + 4/3*h**t + 3*h**2. Calculate l(5).
-1
Let z(f) = -f + 4. Suppose -4*j - c - 4 = 0, 0 = 4*c + 16. Suppose -5*a = -3*x + 7, a + j = 1. Determine z(x).
0
Suppose 0 = -5*w + 122 - 12. Suppose 5*i - 2*m = 2*i + w, -i - m - 1 = 0. Let f(u) = -u**3 + 4*u**2 + 3*u - 6. Determine f(i).
6
Let m(k) = k**2 + 5*k + 6. Let l be m(-5). Let d(x) = -10*x**3 + 3 + 3*x**3 + 5*x**2 + 6*x + 6*x**3. Determine d(l).
3
Let w(x) = -6*x**3 - 2*x**2 + 5*x - 1. Let k(u) = -u**3 - u**2 + u. Let o(p) = -5*k(p) + w(p). Calculate o(3).
-1
Let o(p) = -7 + p - 1 + p**2 - 2. Let u be (52/(-2))/((-6)/(-3)). Let q = 13 + u. What is o(q)?
-10
Let g be 2 + (0 - 3)/3. Let y = 1 + g. Let i(w) = 5*w**y - 4 - 3*w - w**3 - 2*w + 3. Give i(4).
-5
Let k(s) = s**2 - s + 3. Let z be 5*(-4)/(-8) - (-4)/8. Determine k(z).
9
Let x(t) be the first derivative of 2*t**3/3 + 5*t**2/2 + 2*t + 3. Calculate x(-3).
5
Let f(i) = i**3 - i**2 - 3*i. Let b be f(2). Let q(u) be the second derivative of -u**4/12 - u**3/6 + u. What is q(b)?
-2
Let w = 3 + 1. Let t(q) = 0 + w + 0*q + 3*q + 0. Determine t(-4).
-8
Let c be 0/6 + (19 - 0). Suppose -g - 4*j + 8 = 0, -c = -4*g - 2*j - j. Let a(f) = f**2 - g*f + 0*f - 2 - 2. Determine a(4).
-4
Let q(b) = -2*b**3 - b - 1. Let v be q(-1). Let x(k) = -k**2 + 2*k. Let p be x(v). Let j be p + 3/(-1) + 0. Let c(s) = 5*s + 3. Give c(j).
-12
Let l(d) be the second derivative of 0 + 1/6*d**4 - d - 7/6*d**3 + 5/2*d**2. Let k be 1/2 + 7/2. Calculate l(k).
9
Let q(i) be the third derivative of i**5/60 - 17*i**4/24 + 2*i**3/3 + 3*i**2 + i. What is q(17)?
4
Suppose 5*c = 14 + 26. Let u = 6 - c. Let o(q) = -q**2 + 2. Give o(u).
-2
Let d(o) = 14*o**2 - 1. Let z be d(1). Let g(x) = -5 + z*x + 4*x**2 - 17*x - 3*x**2. What is g(5)?
0
Let b = -6 - -10. Let j(q) = -q - 4. Let m be j(-5). Let y be m - b*3/6. Let a(z) = -9*z + 1. What is a(y)?
10
Let f(b) be the second derivative of b**4/24 + b**3/3 - b**2/2 - b. Let d(y) be the first derivative of f(y). Let r = 63 + -63. What is d(r)?
2
Suppose -5*z + 3 - 8 = 0. Let q(p) be the second derivative of -p**3/3 + p**2/2 - 4*p. Calculate q(z).
3
Let i(m) = 3*m**2 + 9*m + 4. Let a be i(-3). Let y(b) = b**2 - 6*b. What is y(a)?
-8
Let v(y) = -y**2 - 4*y - 1. Let o(z) = z**2 + 1. Let l(c) = -4*o(c) - v(c). Give l(2).
-7
Let s(f) = -f + 1. Let h(i) = 4*i - 10. Let z(q) = -h(q) - 3*s(q). What is z(6)?
1
Let c(d) = 2*d**2 + 8*d - 4. Let q(l) = 5*l**2 + 24*l